t are the prime factors of 57354?
2, 3, 11, 79
What are the prime factors of 43371?
3, 61, 79
List the prime factors of 159313.
7, 11, 2069
What are the prime factors of 2512?
2, 157
What are the prime factors of 26011?
19, 37
List the prime factors of 1660.
2, 5, 83
What are the prime factors of 31307?
31307
What are the prime factors of 3206?
2, 7, 229
List the prime factors of 41360.
2, 5, 11, 47
List the prime factors of 632.
2, 79
What are the prime factors of 2145?
3, 5, 11, 13
What are the prime factors of 2258?
2, 1129
List the prime factors of 148134.
2, 3, 7, 3527
What are the prime factors of 11180?
2, 5, 13, 43
List the prime factors of 5782.
2, 7, 59
What are the prime factors of 82?
2, 41
What are the prime factors of 21302?
2, 10651
List the prime factors of 10476.
2, 3, 97
What are the prime factors of 2653?
7, 379
List the prime factors of 45074.
2, 31, 727
List the prime factors of 26123.
151, 173
What are the prime factors of 3339?
3, 7, 53
List the prime factors of 686.
2, 7
What are the prime factors of 1030?
2, 5, 103
What are the prime factors of 3456?
2, 3
List the prime factors of 16037.
7, 29, 79
List the prime factors of 1541.
23, 67
What are the prime factors of 16112?
2, 19, 53
List the prime factors of 17410.
2, 5, 1741
List the prime factors of 5048.
2, 631
What are the prime factors of 44920?
2, 5, 1123
What are the prime factors of 2862?
2, 3, 53
List the prime factors of 1042.
2, 521
List the prime factors of 817.
19, 43
List the prime factors of 29.
29
What are the prime factors of 318?
2, 3, 53
List the prime factors of 121.
11
List the prime factors of 1129.
1129
List the prime factors of 21446.
2, 10723
What are the prime factors of 23670?
2, 3, 5, 263
What are the prime factors of 44980?
2, 5, 13, 173
What are the prime factors of 2065?
5, 7, 59
List the prime factors of 2449.
31, 79
List the prime factors of 107.
107
List the prime factors of 46894.
2, 23447
What are the prime factors of 91461?
3, 43, 709
What are the prime factors of 160?
2, 5
List the prime factors of 3951.
3, 439
What are the prime factors of 44?
2, 11
List the prime factors of 18673.
71, 263
What are the prime factors of 7166?
2, 3583
List the prime factors of 950.
2, 5, 19
What are the prime factors of 764?
2, 191
What are the prime factors of 3695?
5, 739
What are the prime factors of 371?
7, 53
What are the prime factors of 60087?
3, 20029
List the prime factors of 4392.
2, 3, 61
List the prime factors of 3501.
3, 389
What are the prime factors of 2805?
3, 5, 11, 17
What are the prime factors of 6305?
5, 13, 97
What are the prime factors of 124?
2, 31
What are the prime factors of 10401?
3, 3467
What are the prime factors of 3225?
3, 5, 43
List the prime factors of 641.
641
List the prime factors of 1042.
2, 521
What are the prime factors of 10803?
3, 13, 277
List the prime factors of 6022.
2, 3011
List the prime factors of 1995.
3, 5, 7, 19
What are the prime factors of 815?
5, 163
What are the prime factors of 2704?
2, 13
What are the prime factors of 47366?
2, 11, 2153
List the prime factors of 15150.
2, 3, 5, 101
List the prime factors of 8520.
2, 3, 5, 71
List the prime factors of 1090.
2, 5, 109
List the prime factors of 198.
2, 3, 11
List the prime factors of 22012.
2, 5503
List the prime factors of 404.
2, 101
What are the prime factors of 4860?
2, 3, 5
What are the prime factors of 721?
7, 103
List the prime factors of 3484.
2, 13, 67
List the prime factors of 104856.
2, 3, 17, 257
List the prime factors of 610.
2, 5, 61
What are the prime factors of 2915?
5, 11, 53
List the prime factors of 4845.
3, 5, 17, 19
List the prime factors of 11161.
11161
What are the prime factors of 1947?
3, 11, 59
List the prime factors of 48244.
2, 7, 1723
List the prime factors of 6636.
2, 3, 7, 79
What are the prime factors of 854?
2, 7, 61
List the prime factors of 4898.
2, 31, 79
What are the prime factors of 2113?
2113
List the prime factors of 2453.
11, 223
What are the prime factors of 28022?
2, 14011
What are the prime factors of 6972?
2, 3, 7, 83
List the prime factors of 4100.
2, 5, 41
List the prime factors of 3571.
3571
What are the prime factors of 4637?
4637
What are the prime factors of 26901?
3, 7, 61
List the prime factors of 4132.
2, 1033
List the prime factors of 68535.
3, 5, 1523
List the prime factors of 1054.
2, 17, 31
What are the prime factors of 13974?
2, 3, 17, 137
List the prime factors of 4419.
3, 491
List the prime factors of 1416.
2, 3, 59
What are the prime factors of 13831?
13831
What are the prime factors of 7820?
2, 5, 17, 23
List the prime factors of 5405.
5, 23, 47
What are the prime factors of 3807?
3, 47
What are the prime factors of 2052?
2, 3, 19
What are the prime factors of 1036?
2, 7, 37
List the prime factors of 815.
5, 163
List the prime factors of 34.
2, 17
List the prime factors of 27859.
13, 2143
What are the prime factors of 50949?
3, 17, 37
List the prime factors of 4735.
5, 947
What are the prime factors of 548?
2, 137
What are the prime factors of 2774?
2, 19, 73
What are the prime factors of 12477?
3, 4159
What are the prime factors of 49876?
2, 37, 337
List the prime factors of 433.
433
List the prime factors of 26548.
2, 6637
List the prime factors of 389.
389
List the prime factors of 124214.
2, 173, 359
What are the prime factors of 7953?
3, 11, 241
List the prime factors of 8269.
8269
List the prime factors of 885.
3, 5, 59
List the prime factors of 20687.
137, 151
List the prime factors of 274.
2, 137
What are the prime factors of 40792?
2, 5099
List the prime factors of 1648.
2, 103
What are the prime factors of 3153?
3, 1051
List the prime factors of 150.
2, 3, 5
List the prime factors of 2314.
2, 13, 89
List the prime factors of 110831.
7, 71, 223
What are the prime factors of 8140?
2, 5, 11, 37
What are the prime factors of 1706?
2, 853
List the prime factors of 133.
7, 19
List the prime factors of 17647.
7, 2521
What are the prime factors of 111925?
5, 11, 37
List the prime factors of 442.
2, 13, 17
List the prime factors of 3689.
7, 17, 31
What are the prime factors of 67775?
5, 2711
List the prime factors of 47014.
2, 11, 2137
What are the prime factors of 7993?
7993
List the prime factors of 1769.
29, 61
What are the prime factors of 10631?
10631
What are the prime factors of 11441?
17, 673
What are the prime factors of 4054?
2, 2027
List the prime factors of 2056.
2, 257
What are the prime factors of 907?
907
List the prime factors of 871.
13, 67
List the prime factors of 37812.
2, 3, 23, 137
What are the prime factors of 2805?
3, 5, 11, 17
What are the prime factors of 32899?
167, 197
What are the prime factors of 769?
769
What are the prime factors of 22644?
2, 3, 17, 37
List the prime factors of 3607.
3607
List the prime factors of 2622.
2, 3, 19, 23
List the prime factors of 973.
7, 139
What are the prime factors of 7385?
5, 7, 211
What are the prime factors of 3423?
3, 7, 163
List the prime factors of 1090.
2, 5, 109
List the prime factors of 21759.
3, 7253
What are the prime factors of 11876?
2, 2969
What are the prime factors of 3588?
2, 3, 13, 23
List the prime factors of 1243.
11, 113
List the prime factors of 14943.
3, 17, 293
List the prime factors of 5567.
19, 293
What are the prime factors of 378?
2, 3, 7
List the prime factors of 669.
3, 223
List the prime factors of 13440.
2, 3, 5, 7
What are the prime factors of 38187?
3, 4243
List the prime factors of 6931.
29, 239
What are the prime factors of 349?
349
What are the prime factors of 6404?
2, 1601
What are the prime factors of 14154?
2, 3, 7, 337
What are the prime factors of 32337?
3, 3593
List the prime factors of 9163.
7, 11, 17
List the prime factors of 20045.
5, 19, 211
List the prime factors of 1348.
2, 337
List the prime factors of 9915.
3, 5, 661
What are the prime factors of 1003?
17, 59
List the prime factors of 5472.
2, 3, 19
List the prime factors of 2061.
3, 229
List the prime factors of 7585.
5, 37, 41
List the prime factors of 7748.
2, 13, 149
List the prime factors of 15291.
3, 1699
What are the prime factors of 93645?
3, 5, 2081
What are the prime factors of 122852?
2, 30713
What are the prime factors of 373?
373
List the prime factors of 2037.
3, 7, 97
What are the prime factors of 523?